divisor of c and 7.
7
Suppose -t = -6*t + 5280. Suppose -12*q = -8*q - t. What is the greatest common divisor of q and 24?
24
Let c be 618/22 + ((-445)/55 - -8). Calculate the greatest common factor of 92 and c.
4
Let b(p) = p**2 + 8*p + 13. Let a be b(-5). Let q be (-17)/((0 - a)*4/(-40)). Calculate the highest common factor of q and 17.
17
Let j be (-22908)/(-759) + (-2)/11. Suppose -s - 3 + 5 = 0. Let o be (240/14)/(s/28). Calculate the highest common divisor of o and j.
30
Let x = 1338 + -1244. Calculate the highest common factor of x and 1504.
94
Let p be 0 + (-158)/(-6) - (-4)/(-12). What is the greatest common divisor of p and 286?
26
Suppose 0 = -4*n - 5*a + 168, -27*a + 210 = 5*n - 26*a. Suppose -159 = 2*i - 915. Calculate the highest common divisor of i and n.
42
Suppose 20*w + 293 = 1293. Calculate the greatest common factor of w and 825.
25
Let y be (1352/(-12))/((-10)/15). What is the highest common divisor of 26 and y?
13
Let o(f) = -2*f + 73. Let y be o(11). What is the highest common divisor of y and 969?
51
Suppose 320 = 4*h + p, -2*h + p + 154 + 6 = 0. Calculate the highest common divisor of h and 60.
20
Let k(n) = -n**3 - 7*n**2 - 11*n - 12. Let m be k(-6). Calculate the greatest common divisor of m and 234.
18
Let a(g) = g**2 - 7*g + 16. Let n be a(-11). Let z be 0/(-2) + 0 + 2. Suppose -2*s = -n - z. Calculate the greatest common factor of 12 and s.
12
Let b = 39 - 37. Suppose -3*f + 3*y + 105 = b*y, 0 = 4*f - y - 139. Calculate the greatest common divisor of 136 and f.
34
Suppose -15 = -4*z - 3. Let k be (0 + (z - -103))*-1. Let j = 242 + k. What is the highest common divisor of 17 and j?
17
Let n = -1080 - -1128. Calculate the highest common factor of 684 and n.
12
Let h(g) = -g**3 + 6*g**2 - 5*g + 1. Let w be h(5). Let l(q) = -q**2 - q. Let p be l(w). Let y = p - -6. Calculate the highest common factor of 1 and y.
1
Suppose 2*i - 5*v = 1361, -2*i = 7*v - 6*v - 1379. Calculate the highest common divisor of i and 8.
8
Suppose -5*k = 4*f - 506, 3*k + 5*f = 4*k - 107. Calculate the greatest common factor of k and 12.
6
Let c = -204 + 308. Suppose l = -6 + 4, -i - 757 = -4*l. Let s be ((-4)/14 - i/(-189))*-3. Calculate the highest common divisor of c and s.
13
Suppose -89 + 44 = -5*t. Calculate the greatest common factor of 81 and t.
9
Suppose -74*i = -70*i - 88. What is the highest common divisor of 286 and i?
22
Suppose o - 8 = -2*l, 8 = 4*o - 3*l - l. Let b be 5 - (-20)/(-5 - 0). Let w be -2*(-8 - (b + -3)). What is the greatest common factor of o and w?
4
Let n(v) be the second derivative of v**5/20 - v**4/6 - v**3/6 - 4*v**2 - 9*v. Let b be n(4). Calculate the highest common divisor of b and 80.
20
Suppose -3*h + 5*n + 28 = -h, 3*h = 5*n + 32. What is the highest common divisor of h and 10?
2
Let u = -497 + 605. Calculate the greatest common factor of u and 12.
12
Suppose -84*r + 1698 = -78*r. Suppose -2*b - 660 = 4*f, -f - 322 = f - b. Let n = r + f. What is the greatest common factor of n and 48?
24
Let n = -15 + 55. What is the highest common divisor of 260 and n?
20
Suppose 2*j - j + 9 = w, 5 = w - 5*j. Let g(o) = -8 - 3 + 3*o + 6 + 10*o**2 - 7 - o**3. Let u be g(w). What is the highest common factor of 45 and u?
9
Let f be 1/(-4 - 197/(-49)). Let o(w) = 5*w**2 - 26*w + 182. Let l be o(7). What is the greatest common factor of l and f?
49
Suppose -6*d = -3*d - 15. Suppose -6*b + 10 = -b. Suppose h + 25 = b*h. What is the highest common divisor of h and d?
5
Suppose 2*m + 3 = -5, -v = 5*m + 18. Let r(t) = v - t + 0 - 3. Let j be r(-5). What is the highest common divisor of 44 and j?
4
Let u(s) = 2*s**3 - 6*s**2 + 4*s + 4. Let l be u(6). Let t = 402 - l. Suppose -t - 24 = -2*p. Calculate the highest common divisor of 13 and p.
13
Suppose 20 = 14*t - 10*t. Suppose 0 = -t*g + 122 + 278. Calculate the highest common divisor of g and 48.
16
Let t be ((-36)/126)/(1/(-42)). Let v = -20 - -38. What is the greatest common factor of t and v?
6
Suppose -3*s + 3*a = 9, 4*a - 23 = -4*s + a. Suppose 1 = -s*k + 3. Suppose i = 2 - k. Calculate the highest common factor of 3 and i.
1
Let f be -2 + (-3 - 0) + 7. Suppose 27 = 3*g + f*k, 2 = 5*g - 2*k - 27. Suppose 5*x = 234 - 94. Calculate the greatest common divisor of g and x.
7
Let b be (-220)/18 - (-4)/18. Let h = 14 + b. Let l be (-2)/8 + (-33)/(-4). Calculate the highest common factor of h and l.
2
Let b = 44 - 24. Suppose 0 = 3*l + 2*c - b, 24 = 5*l - 0*c + c. Calculate the greatest common factor of l and 4.
4
Suppose 0 = -2*n + 24. Suppose 17*r - n*r = 450. Let j be 1 + -1 + -1 - -10. What is the highest common factor of j and r?
9
Suppose -18*x + 288 = -16*x + 3*u, -3*x = 5*u - 431. Calculate the highest common divisor of x and 42.
21
Suppose -976 + 292 = -9*a. Calculate the highest common divisor of a and 361.
19
Suppose -r + 800 = 4*v - 3*r, 5*r - 828 = -4*v. Calculate the highest common factor of 4 and v.
2
Suppose 2*z + z = 75. Let d = z + 2. Suppose 0 = 2*c + c - d. What is the highest common factor of c and 72?
9
Let k(p) = -49*p + 5. Let v be k(2). Let m = v + 102. What is the greatest common factor of 99 and m?
9
Let j(f) = -6*f + 2. Let r be j(5). Let q be (r - -3)/(-5) + -1. Calculate the highest common factor of q and 44.
4
Let f be 0 - (-1 - 8/4). Suppose 2*v = 0, 2*g + f*v = v + 96. What is the highest common divisor of 72 and g?
24
Let u = -30 - -36. Let k be ((-5)/(-4))/(-3 + (-444)/(-144)). What is the highest common factor of k and u?
3
Let o(g) = -g**2 - 6*g + 17. Let x(b) = -3*b**2 - 17*b + 51. Let y(n) = 11*o(n) - 4*x(n). Let u be y(-7). Calculate the greatest common divisor of u and 36.
18
Suppose 4*t - 9 = 11. Suppose -t = -3*l - 2. Suppose -31 + l = -h. Calculate the greatest common factor of 6 and h.
6
Let i be 9/(189/(-12)) + 73/(-7). Let h be (-9)/54*9*(i - 1). What is the greatest common factor of h and 30?
6
Suppose 5*i - 717 = 53. Suppose -3*m - 4*a + 52 + 6 = 0, -3*a = 4*m - 82. What is the greatest common factor of m and i?
22
Let f be (-2 + -2)/(2/(-1)). Suppose -33 = -f*x + 9. Suppose 2*n + 3*q - 6 = x, 0 = 2*n - 3*q - 21. What is the greatest common factor of 24 and n?
12
Let c = 232 + -160. What is the greatest common factor of c and 162?
18
Let c = -45 - -70. Let j(g) = 125*g**2 - 16*g - 16. Let w be j(-1). Calculate the highest common factor of c and w.
25
Suppose 4*b = -z + 113, 2*b - 59 = -z - 2. Suppose 0 = -3*h - 2*h + f + 35, -h + 2*f = -7. What is the highest common factor of h and b?
7
Let p be (5 + -10 - -7)*(-10)/(-4). Calculate the highest common divisor of 405 and p.
5
Let u be (1 - 6)/(1/(-5)). Suppose -2*n + 53 + 497 = 0. What is the greatest common divisor of n and u?
25
Let v be (-2)/6*-2 - 28967/(-249). What is the highest common divisor of 13 and v?
13
Let m be 1570/(-18) + (-14)/(-63). Let h = 1 - m. Let k = 33 + -11. What is the highest common divisor of h and k?
22
Suppose -2*a = -4*a - 4*k - 40, 5*a = 3*k - 74. Let b = 27 + a. Let y be -1 + (-11)/(33/(-300)). What is the greatest common divisor of b and y?
11
Let l(k) = 7*k - 76. Let q be l(14). Suppose 3*v = 4*j - 0*v - 394, -2*j + 3*v = -194. Let u = j + 98. What is the highest common divisor of u and q?
22
Let b be 4100/8 + -6 + (-1)/2. What is the highest common factor of 46 and b?
46
Suppose 0 = 2*w - 3*v + 6, 0 = 2*w - v - v + 10. Let j be ((-144)/14)/(w/84). Calculate the greatest common factor of j and 240.
48
Suppose 1493 = 4*i + 3*q, -4*i = q - 1787 + 284. Calculate the highest common factor of i and 232.
29
Let n(v) = v**3 - 3*v**2 + 2. Let o be n(3). Suppose -3*y + 29 = y - m, 0 = -o*y - 4*m + 10. Calculate the highest common divisor of 21 and y.
7
Let u(f) = f**3 - f**2 - 2*f + 40. Let v be u(0). What is the greatest common divisor of 25 and v?
5
Let f(b) = 5*b**2 + 27*b. Let y be f(-6). Calculate the highest common factor of y and 18.
18
Suppose -578*l + 580*l - 48 = 0. What is the greatest common factor of 27 and l?
3
Let o(i) = 23*i - 2 - 11*i + 1 + 2*i**2. Let h be o(-7). Let f be ((-91)/(-4))/((-3)/(-12)). What is the highest common factor of f and h?
13
Let y be (-3 + 2)/(-3*(-8)/(-240)). Let z = -1 + 11. Calculate the highest common divisor of z and y.
10
Let l = -6 + 11. Let t = 7 + 0. Let y = t + 13. What is the highest common factor of l and 